{"id":112,"date":"2023-11-08T16:22:39","date_gmt":"2023-11-08T16:22:39","guid":{"rendered":"http:\/\/www.baladre.com\/?page_id=112"},"modified":"2025-02-15T16:12:47","modified_gmt":"2025-02-15T16:12:47","slug":"2010-2010-pais-basc-2009-2010-muro-mallorca","status":"publish","type":"page","link":"https:\/\/www.baladre.com\/index.php\/2010-2010-pais-basc-2009-2010-muro-mallorca\/","title":{"rendered":"2010\/2010 Pa\u00eds Basc \u2013 2009\/2010 Muro (Mallorca)"},"content":{"rendered":"<p style=\"text-align: center;\"><span style=\"font-size: 14pt;\"><strong>2010\/2010 Pa\u00eds Basc<\/strong><\/span><\/p>\n<p style=\"text-align: justify;\"><span style=\"font-family: arial, helvetica, sans-serif;\"><strong><span style=\"font-size: 12pt;\">Intercanvi cultural del Grup Baladre de Muro i \u00ab<span class=\"hiddenSpellError\">Itxas<\/span>\u00a0<span class=\"hiddenSpellError\">Argia<\/span>\u00a0<span class=\"hiddenSpellError\">Dantza<\/span>\u00a0<span class=\"hiddenSpellError\">Taldea<\/span>\u00bb de Getxo (Pa\u00eds Basc) &#8211; maig de 2010 i gener de 2011.<\/span><\/strong><\/span><br \/>\nEl Grup Baladre participa en l&#8217;edici\u00f3 2010 del Festival Internacional <span class=\"hiddenSpellError\">Herrien<\/span>\u00a0<span class=\"hiddenSpellError\">Jaialdia<\/span> de Getxo (Pa\u00eds Basc), convidats pel grup: \u00ab<span class=\"hiddenSpellError\">Itxas<\/span>\u00a0<span class=\"hiddenSpellError\">Argia<\/span>\u00a0<span class=\"hiddenSpellError\">Dantza<\/span>\u00a0<span class=\"hiddenSpellError\">Taldea<\/span>\u00ab, els dies 14, 15 i 16 de maig de 2010.<br \/>\nBaladre participa en les festes locals en honor a Sant Isidre en Getxo (Pa\u00eds Basc), invitats pel grup \u00ab<span class=\"hiddenSpellError\">Itxas<\/span>\u00a0<span class=\"hiddenSpellError\">Argia<\/span>\u00a0<span class=\"hiddenSpellError\">Dantza<\/span>\u00a0<span class=\"hiddenSpellError\">Taldea<\/span>\u00ab, el dia 15 de maig a les\u00a021,00h,\u00a0duent a terme\u00a0una actuaci\u00f3 conjunta dels dos grups, compartint les diferents m\u00fasiques i balls de les nostres distintes cultures. El grup de Getxo, tamb\u00e9 ens va acompanyar a rec\u00f3rrer la zona i vam tindre l&#8217;oportunitat de\u00a0con\u00e8ixer\u00a0la\u00a0seva\u00a0ciutat i el centre de Bilbao. El grup \u00ab<span class=\"hiddenSpellError\">Itxas<\/span>\u00a0<span class=\"hiddenSpellError\">Argia<\/span>\u00a0<span class=\"hiddenSpellError\">Dantza<\/span>\u00a0<span class=\"hiddenSpellError\">Taldea<\/span>\u00ab, ens tornar\u00e0 la visita\u00a0el gener\u00a0del 2011 amb motiu de la nostra tradicional Fireta de Sant Antoni, mostrant al nostre poble\u00a0els seus costums\u00a0i tradicions el dissabte dia 22 de gener a les\u00a019,00h\u00a0en el Centre Cultural Polivalent de Muro i el diumenge dia 23 participant\u00a0al costat de\u00a0Baladre i La Xafig\u00e0 del 27 Aplec de Danses de la nostra Fireta de Sant Antoni.<\/p>\n<p style=\"text-align: center;\"><img loading=\"lazy\" decoding=\"async\" class=\"alignnone wp-image-851 size-full\" src=\"http:\/\/www.baladre.com\/wp-content\/uploads\/2023\/11\/Itxas-Argia-Dantza-Taldea.jpg\" alt=\"\" width=\"482\" height=\"311\" srcset=\"https:\/\/www.baladre.com\/wp-content\/uploads\/2023\/11\/Itxas-Argia-Dantza-Taldea.jpg 482w, https:\/\/www.baladre.com\/wp-content\/uploads\/2023\/11\/Itxas-Argia-Dantza-Taldea-300x194.jpg 300w\" sizes=\"auto, (max-width: 482px) 100vw, 482px\" \/><\/p>\n<p align=\"center\"><i>Grup:<\/i>\u00a0<span style=\"color: #000080;\">\u00abItxas\u00a0Argia Dantza Taldea\u00bb<\/span><span style=\"font-family: Arial;\"><br \/>\nk\/ Iturribide 24, behea &#8211; <b>P.K. 48993 (Getxo) &#8211; <span style=\"font-size: small;\">Telf:<\/span><\/b>\u00a094 430 34 11<br \/>\n<\/span><span style=\"font-family: Arial;\"><b><span style=\"font-size: small;\">C-Elec:<\/span><\/b>\u00a0<a href=\"mailto:itxas_argiadt@yahoo.es\">itxas_argiadt@yahoo.es<\/a>\u00a0 &#8211;\u00a0\u00a0<\/span><span style=\"font-family: Arial;\"><b><span style=\"font-size: small;\">Web:\u00a0<a href=\"http:\/\/www.itxas-argia.com\/principal_dantza_eus.htm\" target=\"_blank\" rel=\"noopener\">http:\/\/www.itxas-argia.com<\/a><\/span><\/b><\/span><\/p>\n<hr \/>\n<p>&nbsp;<\/p>\n<p style=\"text-align: center;\"><strong><span style=\"font-size: 14pt;\">2009\/2010 Muro (Mallorca)<\/span><\/strong><\/p>\n<p style=\"text-align: justify;\"><span style=\"font-family: arial, helvetica, sans-serif; font-size: 12pt;\"><b>Intercanvi cultural del Grup Baladre de Muro (El Comtat) amb Sa Revetla d&#8217;Algebel\u00ed de Muro de Mallorca. 2009-2010.<br \/>\n<\/b><\/span>Baladre va participar en\u00a0l&#8217;intercanvi\u00a0cultural i agermanament entre les poblacions de Muro d&#8217;Alacant i Muro de Mallorca. A Muro (Pa\u00eds\u00a0Valenci\u00e0) dies 10, 11, 12 d&#8217;octubre de 2009.\u00a0El 2009, amb motiu del futur agermanament de les poblacions de Muro d&#8217;Alacant i Muro de Mallorca,\u00a0v\u00e0rem\u00a0rebre al grup murer de Mallorca: Sa Revetla d&#8217;<span class=\"hiddenSpellError\">Algebel\u00ed<\/span>, en la nostra festa m\u00e9s emblem\u00e0tica el 9 d&#8217;octubre dia dels valencians, amb el que va realitzar un intercanvi cultural\u00a0en l&#8217;\u00e0mbit dels nostres grups i que va obrir el cam\u00ed a un futur intercanvi institucional i cultural a tots els nivells entre les nostres\u00a0dues\u00a0poblacions,\u00a0les quals\u00a0comparteixen\u00a0el mateix top\u00f2nim.<br \/>\nEls murers mallorquins varen arribar\u00a0divendres 9 d&#8217;octubre\u00a0a Muro (El Comtat) i va ser dissabte quan varen comen\u00e7ar les activitats programades,\u00a0entre les quals\u00a0va destacar una visita a la Ciutat de X\u00e0tiva, guiada pel\u00a0<span class=\"hiddenSpellError\">cantaor<\/span>\u00a0socarrat Pep\u00a0<span class=\"hiddenSpellError\">Gimeno<\/span>\u00a0\u00abBotifarra\u00bb i altra visita a la Vila de Muro, guiada per la historiadora local Elia\u00a0<span class=\"hiddenSpellError\">Gozalbez<\/span>.<br \/>\nEls visitants mallorquins varen ser rebuts per l&#8217;Ajuntament de Muro el\u00a0<span class=\"hiddenGrammarError\" style=\"padding-bottom: 2px; background-image: url('..\/..\/..\/..\/..\/images\/squiggle.png'); background-repeat: repeat-x; background-position: left bottom; cursor: default; color: #000000; font-family: 'Open Sans', Helvetica, Arial, sans-serif; font-size: 16px; font-style: normal; font-variant-ligatures: normal; font-variant-caps: normal; font-weight: 300; letter-spacing: normal; orphans: 2; text-align: start; text-indent: 0px; text-transform: none; white-space: normal; widows: 2; word-spacing: 0px; -webkit-text-stroke-width: 0px; text-decoration-thickness: initial; text-decoration-style: initial; text-decoration-color: initial;\">diumenge 11 d&#8217;octubre<\/span>\u00a0a les 11:<span class=\"hiddenGrammarError\">00h<\/span>, on l&#8217;alcalde els va donar la benvinguda en nom de tot el poble de Muro. El Grup Sa Revetlla d&#8217;<span class=\"hiddenSpellError\">Algebeli<\/span>\u00a0de Muro (Mallorca), va fer una mostra de balls i m\u00fasiques tradicionals el dissabte dia 10 d&#8217;octubre a les 20:00 h\u00a0a l&#8217;auditori de la Font Jordana d&#8217;Agullent i posteriorment el diumenge dia 11 d&#8217;octubre a les 19:00 h\u00a0al Centre Cultural de la Vila de Muro, actuant conjuntament amb el Grup Baladre.<br \/>\nLes actuacions programades varen ser gratu\u00eftes i es va convidar a tots a participar i gaudir d&#8217;aquest esdeveniment.<br \/>\nM\u00e9s avant\u00a0l&#8217;octubre\u00a0de 2010 el grup Baladre tornar\u00e0 la visita als Murers de Mallorca els dies 9, 10,11 i 12, donant per finalitzat\u00a0aquest\u00a0intercanvi de m\u00fasiques, balls i tradicions entre els dos pobles, per\u00f2 deixant la porta oberta als inicis de l&#8217;agermanament a tots els nivells institucionals entre els nostres \u00abMuros\u00bb.<\/p>\n<div style=\"text-align: center;\"><span style=\"font-size: 14pt;\"><u><strong><span style=\"color: #808000; font-family: Adelaide;\">Vers\u00e0 dels Muros<\/span><\/strong><\/u><\/span><\/div>\n<div style=\"text-align: center;\"><i><span style=\"font-family: Arial;\"><strong>I amb aquesta can\u00e7\u00f3<br \/>\n<\/strong><\/span><\/i><i style=\"font-size: 0.95em;\"><span style=\"font-family: Arial;\"><strong>ara jo vull saludar<br \/>\n<\/strong><\/span><\/i><i style=\"font-size: 0.95em;\"><span style=\"font-family: Arial;\"><strong>als mureros d\u2019esta banda<br \/>\n<\/strong><\/span><\/i><i style=\"font-size: 0.95em;\"><span style=\"font-family: Arial;\"><strong>i l\u2019altra banda de la mar.<\/strong><\/span><\/i><i style=\"font-size: 0.95em;\"><br \/>\n<\/i><i><span style=\"font-family: Arial;\"><strong>Si s\u2019ajuntem els murers<\/strong><\/span><\/i><\/div>\n<div style=\"text-align: center;\"><i><span style=\"font-family: Arial;\"><strong>som capa\u00e7os de plenar<\/strong><\/span><\/i><\/div>\n<div style=\"text-align: center;\"><i><span style=\"font-family: Arial;\"><strong>d\u2019alegria tot Mallorca<\/strong><\/span><\/i><\/div>\n<div style=\"text-align: center;\"><i><span style=\"font-family: Arial;\"><strong>i tot el Pa\u00eds Valenci\u00e0.<\/strong><\/span><\/i><\/div>\n<div style=\"text-align: center;\"><span style=\"color: #000080; font-family: Ariane Extra Bold DB; font-size: large;\">\u00a0 \u00a0 \u00a0 \u00a0 \u00a0 \u00a0 \u00a0 \u00a0 \u00a0 \u00a0 \u00a0Joan Moixino<\/span><\/div>\n<div style=\"text-align: center;\"><img loading=\"lazy\" decoding=\"async\" class=\"alignnone wp-image-852 size-full\" src=\"http:\/\/www.baladre.com\/wp-content\/uploads\/2023\/11\/RevetlaAlgebeli2009.jpg\" alt=\"\" width=\"500\" height=\"369\" srcset=\"https:\/\/www.baladre.com\/wp-content\/uploads\/2023\/11\/RevetlaAlgebeli2009.jpg 500w, https:\/\/www.baladre.com\/wp-content\/uploads\/2023\/11\/RevetlaAlgebeli2009-300x221.jpg 300w\" sizes=\"auto, (max-width: 500px) 100vw, 500px\" \/><\/div>\n<div>\n<p align=\"center\"><strong><i><span style=\"font-family: Arial;\">Grup:<\/span><\/i><span style=\"color: #0000ff; font-family: Arial;\">\u00a0Sa Revetla d&#8217;Algebel\u00ed MURO (Mallorca)<br \/>\n<\/span><\/strong><span style=\"font-family: Arial; font-size: medium;\">Vicen\u00e7 Martorell 644406866<br \/>\n<\/span><span style=\"font-family: Arial;\"><span style=\"font-size: small;\"><a href=\"mailto:webmestre@revetladalgebeli.org\">webmestre@revetladalgebeli.org<\/a>\u00a0 &#8211;\u00a0<\/span><\/span><strong><span style=\"font-family: Arial; font-size: small;\"><a href=\"http:\/\/revetladalgebeli.org\/\" target=\"_blank\" rel=\"noopener\">http:\/\/www.revetladalgebeli.org<\/a><\/span><\/strong><\/p>\n<\/div>\n<hr \/>\n","protected":false},"excerpt":{"rendered":"<p>2010\/2010 Pa\u00eds Basc Intercanvi cultural del Grup Baladre de Muro i \u00abItxas\u00a0Argia\u00a0Dantza\u00a0Taldea\u00bb de Getxo (Pa\u00eds Basc) &#8211; maig de 2010 i gener de 2011. El Grup Baladre participa en l&#8217;edici\u00f3 2010 del Festival Internacional Herrien\u00a0Jaialdia de Getxo (Pa\u00eds Basc), convidats pel grup: \u00abItxas\u00a0Argia\u00a0Dantza\u00a0Taldea\u00ab, els dies 14, 15 i 16 de maig de 2010. Baladre participa en les festes locals en<\/p>\n","protected":false},"author":2,"featured_media":0,"parent":0,"menu_order":19,"comment_status":"closed","ping_status":"closed","template":"","meta":{"footnotes":""},"class_list":["post-112","page","type-page","status-publish","hentry"],"psp_head":"<title>2010\/2010 Pa\u00eds Basc \u2013 2009\/2010 Muro (Mallorca) \u2013 GRUP DE DANSES BALADRE<\/title>\r\n<meta name=\"description\" content=\"2010\/2010 Pa\u00eds Basc Intercanvi cultural del Grup Baladre de Muro i &quot;Itxas\u00a0Argia\u00a0Dantza\u00a0Taldea&quot; de Getxo (Pa\u00eds Basc) - maig de 2010 i gener de 2011. El Grup Baladre participa en l&#039;edici\u00f3 2010 del Festival Internacional Herrien\u00a0Jaialdia de Getxo (Pa\u00eds Basc), convidats pel grup: &quot;Itxas\u00a0Argia\u00a0Dantza\u00a0Taldea&quot;, els dies 14, 15 i 16 de maig de 2010.\" \/>\r\n<meta name=\"robots\" content=\"index,follow\" \/>\r\n<link rel=\"canonical\" href=\"https:\/\/www.baladre.com\/index.php\/2010-2010-pais-basc-2009-2010-muro-mallorca\/\" \/>\r\n","_links":{"self":[{"href":"https:\/\/www.baladre.com\/index.php\/wp-json\/wp\/v2\/pages\/112","targetHints":{"allow":["GET"]}}],"collection":[{"href":"https:\/\/www.baladre.com\/index.php\/wp-json\/wp\/v2\/pages"}],"about":[{"href":"https:\/\/www.baladre.com\/index.php\/wp-json\/wp\/v2\/types\/page"}],"author":[{"embeddable":true,"href":"https:\/\/www.baladre.com\/index.php\/wp-json\/wp\/v2\/users\/2"}],"replies":[{"embeddable":true,"href":"https:\/\/www.baladre.com\/index.php\/wp-json\/wp\/v2\/comments?post=112"}],"version-history":[{"count":3,"href":"https:\/\/www.baladre.com\/index.php\/wp-json\/wp\/v2\/pages\/112\/revisions"}],"predecessor-version":[{"id":853,"href":"https:\/\/www.baladre.com\/index.php\/wp-json\/wp\/v2\/pages\/112\/revisions\/853"}],"wp:attachment":[{"href":"https:\/\/www.baladre.com\/index.php\/wp-json\/wp\/v2\/media?parent=112"}],"curies":[{"name":"wp","href":"https:\/\/api.w.org\/{rel}","templated":true}]}}